{"id":2482,"date":"2020-03-04T13:40:05","date_gmt":"2020-03-04T10:40:05","guid":{"rendered":"https:\/\/www.peritozuuyku.com\/?page_id=2482"},"modified":"2020-03-04T13:42:14","modified_gmt":"2020-03-04T10:42:14","slug":"yasal-uyari-ucret-ve-iade-politikasi","status":"publish","type":"page","link":"https:\/\/www.peritozuuyku.com\/?page_id=2482","title":{"rendered":"Yasal uyar\u0131, \u00dccret ve \u0130ade Politikas\u0131"},"content":{"rendered":"<h4>Yasal Uyar\u0131<\/h4>\n<p><span style=\"font-weight: 400;\">Bu web sitesinde yer alan t\u00fcm bilgiler iyi niyetle, genel bilgi, tecr\u00fcbe ve bilgilendirme ama\u00e7l\u0131 yay\u0131nlanmakta olup; kesinlikle hastal\u0131k te\u015fhisi, tan\u0131 konulmas\u0131 veya tedavi ama\u00e7l\u0131 de\u011fildir. Uyku Dan\u0131\u015fman\u0131&#8217;n\u0131n sa\u011flad\u0131\u011f\u0131 hizmetler, doktorunuzun, bebe\u011finizin \u00e7ocuk doktorunun veya pedagogun t\u0131bbi tavsiyesinin yerini almas\u0131n\u0131 veya desteklemesini ama\u00e7lamaz. Uyku Dan\u0131\u015fman\u0131&#8217;n\u0131n verdi\u011fi tavsiyelerin hi\u00e7birinin t\u0131bbi tavsiye olarak kabul edilmeyece\u011fini kabul etmi\u015f say\u0131l\u0131rs\u0131n\u0131z.<\/span><\/p>\n<p><span style=\"font-weight: 400;\">Bu nedenle, yeni bir uyku program\u0131na ba\u015flamadan \u00f6nce, altta yatan herhangi bir t\u0131bbi durumu g\u00f6z ard\u0131 etmemek i\u00e7in doktorunuza veya bebe\u011finizin \u00e7ocuk doktoruna veya pedagoga dan\u0131\u015fman\u0131z\u0131 \u00f6neririz. T\u0131bbi bir sorun ortaya \u00e7\u0131karsa veya devam ederse, doktorunuzdan veya bebe\u011finizin \u00e7ocuk doktorundan veya pedagogundan t\u0131bbi tavsiye almay\u0131 g\u00f6z ard\u0131 etmeyiniz ya da ertelemeyiniz. Buna g\u00f6re, Uyku Dan\u0131\u015fman\u0131, dan\u0131\u015fanlara sa\u011flanan bilgilerin neden oldu\u011fu herhangi bir sorumluluk, kay\u0131p, hasar veya yaralanmay\u0131 a\u00e7\u0131k\u00e7a reddeder. Acil durumlarda, sa\u011fl\u0131k merkezlerinin acil servis b\u00f6l\u00fcmlerine ba\u015fvurunuz. Ayr\u0131ca, her hamile, bebek ve \u00e7ocu\u011fun durumu farkl\u0131 ve kendine \u00f6zel oldu\u011fundan dolay\u0131, sonu\u00e7lar farkl\u0131l\u0131k g\u00f6sterebilir ve kesin olarak sonu\u00e7 taahh\u00fcd\u00fcnde bulunulmamaktad\u0131r. T\u00fcm site ziyaret\u00e7ileri ve dan\u0131\u015fanlar, yukar\u0131da belirtilen yasal uyar\u0131y\u0131 kabul, beyan ve taahh\u00fct ederler.<\/span><\/p>\n<h4>\u00dccret ve \u0130ade Politikas\u0131<\/h4>\n<p><span style=\"font-weight: 400;\">Aileler, dan\u0131\u015fmanl\u0131k program\u0131na karar verdikten sonra \u00fccreti ilgili banka hesap numaralar\u0131na yapar. \u00dccret \u00f6demesi ger\u00e7ekle\u015ftirildikten sonra dan\u0131\u015fmanl\u0131k hizmeti ba\u015flam\u0131\u015f say\u0131l\u0131r.<\/span><\/p>\n<p><span style=\"font-weight: 400;\">Aileler, anla\u015fmaya var\u0131lan ve \u00fccreti \u00f6denen dan\u0131\u015fmanl\u0131k hizmetini uyku plan\u0131 g\u00f6nderilmeden \u00f6nce kendi istekleri ile sonland\u0131rma karar\u0131 al\u0131r ise \u00fccret iadesi yap\u0131l\u0131r. Plan aileye g\u00f6nderildikten sonra dan\u0131\u015fmanl\u0131k hizmetinden herhangi bir nedenden dolay\u0131 vazge\u00e7ildi\u011fi taktirde \u00fccret iadesi yap\u0131lmaz.<\/span><\/p>\n<p><span style=\"font-weight: 400;\">Sa\u011fl\u0131k problemi nedeniyle sat\u0131n al\u0131nan ancak kesintiye u\u011frayan uyku e\u011fitimi program\u0131 sa\u011fl\u0131k sorunu ortadan kalkana kadar ertelenebilir. Ailelerin bu hakk\u0131 sakl\u0131 tutulur. B\u00f6yle bir durumda \u00fccret iadesi yap\u0131lmaz.<\/span><\/p>\n<p><span style=\"font-weight: 400;\">Dan\u0131\u015fman, verdi\u011fi hizmette faydal\u0131 olamayaca\u011f\u0131 kanaatine var\u0131r ise dan\u0131\u015fmanl\u0131k hizmetini sonland\u0131rma iradesine sahiptir. Bu durumda dan\u0131\u015fmanl\u0131k hizmeti i\u00e7in verilen s\u00fcre g\u00f6z \u00f6n\u00fcnde bulundurularak dan\u0131\u015fana bakiye \u00fccret iadesi yap\u0131l\u0131r.<\/span><\/p>\n","protected":false},"excerpt":{"rendered":"<p>Yasal Uyar\u0131 Bu web sitesinde yer alan t\u00fcm bilgiler iyi niyetle, genel bilgi, tecr\u00fcbe ve bilgilendirme ama\u00e7l\u0131 yay\u0131nlanmakta olup; kesinlikle hastal\u0131k te\u015fhisi, tan\u0131 konulmas\u0131 veya tedavi ama\u00e7l\u0131 de\u011fildir. Uyku Dan\u0131\u015fman\u0131&#8217;n\u0131n sa\u011flad\u0131\u011f\u0131 hizmetler, doktorunuzun, bebe\u011finizin \u00e7ocuk doktorunun veya pedagogun t\u0131bbi tavsiyesinin yerini almas\u0131n\u0131 veya desteklemesini ama\u00e7lamaz. Uyku Dan\u0131\u015fman\u0131&#8217;n\u0131n verdi\u011fi tavsiyelerin hi\u00e7birinin t\u0131bbi tavsiye olarak kabul edilmeyece\u011fini kabul etmi\u015f say\u0131l\u0131rs\u0131n\u0131z. Bu nedenle, yeni bir uyku program\u0131na ba\u015flamadan \u00f6nce, altta yatan herhangi bir [&hellip;]<\/p>\n","protected":false},"author":1,"featured_media":0,"parent":0,"menu_order":0,"comment_status":"closed","ping_status":"closed","template":"","meta":{"footnotes":""},"class_list":["post-2482","page","type-page","status-publish","hentry"],"_links":{"self":[{"href":"https:\/\/www.peritozuuyku.com\/index.php?rest_route=\/wp\/v2\/pages\/2482","targetHints":{"allow":["GET"]}}],"collection":[{"href":"https:\/\/www.peritozuuyku.com\/index.php?rest_route=\/wp\/v2\/pages"}],"about":[{"href":"https:\/\/www.peritozuuyku.com\/index.php?rest_route=\/wp\/v2\/types\/page"}],"author":[{"embeddable":true,"href":"https:\/\/www.peritozuuyku.com\/index.php?rest_route=\/wp\/v2\/users\/1"}],"replies":[{"embeddable":true,"href":"https:\/\/www.peritozuuyku.com\/index.php?rest_route=%2Fwp%2Fv2%2Fcomments&post=2482"}],"version-history":[{"count":2,"href":"https:\/\/www.peritozuuyku.com\/index.php?rest_route=\/wp\/v2\/pages\/2482\/revisions"}],"predecessor-version":[{"id":2484,"href":"https:\/\/www.peritozuuyku.com\/index.php?rest_route=\/wp\/v2\/pages\/2482\/revisions\/2484"}],"wp:attachment":[{"href":"https:\/\/www.peritozuuyku.com\/index.php?rest_route=%2Fwp%2Fv2%2Fmedia&parent=2482"}],"curies":[{"name":"wp","href":"https:\/\/api.w.org\/{rel}","templated":true}]}}